(t) be the second derivative of -8*t**3 + 27*t**2 + 50*t - 2. List the prime factors of p(-6).
2, 3, 19
Let t(c) = c**3 + 46*c**2 - 18*c - 250. List the prime factors of t(-43).
13, 467
Let i(s) = 2*s**3 + 10*s. Let f be i(0). Suppose -4*b - 3340 + 856 = -2*g, f = -4*g + 2*b + 4962. List the prime factors of g.
2, 5, 31
Let r(f) = 19*f**3 + f**2 - 5*f + 61. List the prime factors of r(6).
43, 97
Let f(r) = r**2 + r - 1. Let k(o) = -176. Let y(i) = -f(i) - k(i). Let v be y(0). Suppose -8*b + v = -5*b. List the prime factors of b.
59
Suppose -3*n = -25 + 22. Let z(a) = 5*a + 2 + 2*a**2 + n + a. List the prime factors of z(5).
83
Let r = -173 + -124. Let j = 411 + r. List the prime factors of j.
2, 3, 19
Let n(j) = 4*j - 37. Let d be n(12). Suppose -3*l + d = 5*t - 9, 0 = 4*t - 4. Suppose -l*q + 3*c + 93 = 0, -3*c + 16 = c. List the prime factors of q.
3, 7
Suppose 0 = 3*p + 5*z - 122903, -z + 122899 = -7*p + 10*p. What are the prime factors of p?
2, 20483
Suppose 4*a - 29 = r, -3*r - 2*a - 19 + 2 = 0. Let h(t) = -t + 3. Let p be h(r). Suppose p*g - 11*g = 102. List the prime factors of g.
2, 3, 17
Let s = 472 - 812. Suppose c + 3*h - 571 = 0, c - 2*h - 510 - 66 = 0. Let j = s + c. What are the prime factors of j?
2, 3, 13
What are the prime factors of ((-82552)/8*1 + 4)*-1?
5, 2063
List the prime factors of 273552/21 - ((-279)/(-217) - 1).
2, 3, 13, 167
Suppose -4*o + 16 = 0, 5*t - 4*t + 3*o - 1344 = 0. List the prime factors of t/2 - (2 - 5).
3, 223
Let d(j) = -j - 10. Let a be d(18). Let w = 31 + a. Suppose w*y + 75 - 354 = 0. List the prime factors of y.
3, 31
Let o(v) = -956*v - 2989. List the prime factors of o(-39).
5, 19
Let h(w) = 3*w + 56. Suppose 0 = g + 5, g - 48 = 3*s - 2*g. Let x be h(s). List the prime factors of (-22)/(-4)*-6*1*x.
3, 7, 11
Suppose -2*q = 4*y - 30, 5*q + 0*y = y + 20. Let a(r) = 5*r - 12. Let n be a(q). Suppose -2*s - n = -29. List the prime factors of s.
2
Let r = -21 - -43. Suppose -s - r = -312. Suppose 0*z - 4*m + 62 = z, -2*m = 4*z - s. What are the prime factors of z?
2, 37
Suppose -3*b + w = -17, -4*b + 3 = 2*w - 3. Let h(f) be the third derivative of 9*f**4/8 + f**3/3 - 3*f**2 + f + 146. What are the prime factors of h(b)?
2, 5, 11
Let x = -554 + 556. Suppose -19*p = x*p - 37359. List the prime factors of p.
3, 593
Let k = 20258 - 11118. List the prime factors of k.
2, 5, 457
Let f(t) = 3*t - 17. Let r be f(7). Suppose 0*d - 5*u = -d - 32, r*u = d + 27. List the prime factors of -276*(14/6)/d.
2, 23
Let f = 6979 + -4653. What are the prime factors of f?
2, 1163
Suppose 3*w - 5 = -14. Let h be 1*(-4 - w) + 3. Suppose -2*y + 125 + 12 = 3*d, -5*y + 337 = h*d. What are the prime factors of y?
67
What are the prime factors of ((-456)/266)/((-4)/2) - 216792/(-14)?
2, 3, 29, 89
Let o = -37 + 46. Let u = o + 32. List the prime factors of ((-3)/(-5)*u)/(2/10).
3, 41
Suppose p + 5*k - 41 = 20, 3*p - 225 = -k. Let o = 115 - p. Suppose -34*y = -o*y + 620. List the prime factors of y.
2, 31
Suppose -5*x - 280 = -5*a, -5*x = -3 + 13. Suppose -5*k = -f + 215, -5*f + 1151 + a = k. What are the prime factors of f?
2, 3, 5
Let i(f) = 2*f**3 + 13*f**2 + 3*f - 6. Let q be i(-6). Suppose 14*d - q*d - 184 = 0. Let y = d - 19. List the prime factors of y.
73
Suppose 23*u - 134458 = 91333. What are the prime factors of u?
9817
Suppose -34 = -11*h - 12. Suppose h*b = 5*o - 1625, 6*o - 3*b = o + 1630. What are the prime factors of o?
17, 19
Suppose -2*x = r - 4085, -461 = -3*x - r + 5667. Suppose 0 = -p - 3*o + 571, -5*p + x = 2*o - 851. What are the prime factors of p?
2, 5, 29
Let o be 6*(-39 - (6 + -8)). Let j = o + 236. What are the prime factors of j?
2, 7
Let w = -3812 - -8707. What are the prime factors of w?
5, 11, 89
Let t(u) be the second derivative of u**5/20 + 11*u**4/12 - 8*u**3/3 + 13*u**2/2 + 32*u. List the prime factors of t(-9).
11, 29
Let c = -3 + 11. Let i(p) = p**2 - 8*p + 1. Let g be i(c). List the prime factors of g*((-4 - -99) + 1).
2, 3
Suppose 3*u - 5*u = 108504. List the prime factors of (-18)/(-8)*u/(-297).
3, 137
Let s(r) = -r - 57. Let c(i) = i + 114. Let z(t) = -2*c(t) - 5*s(t). List the prime factors of z(11).
2, 3, 5
List the prime factors of -2*44764/(-40) + (9/(-15))/3.
2, 3, 373
Let n be 189/(-4) + (-96)/128. Suppose 2*m + 4*k - 2 = 0, 0 = 4*k + 7 + 9. Let v = m - n. List the prime factors of v.
3, 19
Let h be (1/(-1))/1 + -4. Let s be 3/(-6)*10/h. List the prime factors of (-1 - s) + (10 - -5) - -2.
3, 5
Suppose 0 = 26*g - 17114 + 67944. What are the prime factors of 5/2 - g/2?
2, 5, 7
Let w = 23121 + -8763. What are the prime factors of w?
2, 3, 2393
Let v be 96 + 12 - (-2 + -1). Suppose 0 = 5*a - 2*a - v. Suppose 0 = -4*m - 1 + a. What are the prime factors of m?
3
Suppose 0 = -29*v - 248353 + 1020014. List the prime factors of v.
11, 41, 59
Let i = 29206 + 1974. List the prime factors of i.
2, 5, 1559
Let x be -17 + 16 - (-1 + -2). Suppose -3*t + 3*p + 720 = 0, 5*t + 5*p = x*t + 680. List the prime factors of t.
5, 47
Suppose -6*v = 64 - 142. Suppose v*a - 4810 = 3*a. List the prime factors of a.
13, 37
Suppose -428 = -5*d - 4*c, 2*d - 6*d + 355 = -c. Let q = 96 - d. Suppose -438 = 2*x - q*x. What are the prime factors of x?
73
Suppose 0 = 5*n - 3*q - 117026, -3*q + 117014 = -12*n + 17*n. List the prime factors of n.
2, 5851
Suppose -103 = 26*t - 25*t. Let i = t + 104. What are the prime factors of (-4)/(6/(-120) + (i - 1))?
2, 5
Let j(v) = -20215*v - 1084. List the prime factors of j(-1).
3, 7, 911
Let m(r) = -r**2 - 2*r. Let b(h) = h**3 + 13*h**2 - 10*h + 25. Let j(t) = b(t) + 3*m(t). List the prime factors of j(8).
1049
Suppose 0 = 9*n - 451 - 80. Let x = 271 - n. What are the prime factors of x?
2, 53
Suppose -16071 + 48264 = 21*t. What are the prime factors of t?
3, 7, 73
Let f(c) = -5*c - 9. Let m(r) = -r. Let b(y) = y**3 - y**2 - y. Let w be b(-1). Let p(t) = w*f(t) + 6*m(t). List the prime factors of p(-8).
17
Let q = 44637 + -19734. What are the prime factors of q?
3, 2767
List the prime factors of -2 + 66/(-6) + 471.
2, 229
Let w(o) = o**3 + 6*o**2 + 8*o. Let i(j) = -j**3 - j + 1. Let q(l) = 2*i(l) + w(l). Let y be q(8). What are the prime factors of ((-32)/24)/(1/y)?
2, 13
Suppose 6410 = -104*n + 106*n. Suppose -7*g + n = -890. What are the prime factors of g?
3, 5, 13
Let a = -649 - -675. Suppose -35594 = -a*p - 11*p. List the prime factors of p.
2, 13, 37
Let u(j) = 70*j - 3. Let s(t) = -t + 14. Let z(c) = 3*c - 41. Let o(m) = -17*s(m) - 6*z(m). Let w be o(7). What are the prime factors of u(w)?
67
Suppose 3*s = -3*k + 13590, k - 5645 = 3*s - 1127. What are the prime factors of k?
3, 503
What are the prime factors of 26 + (-7 - 9) - (-12519)/1?
11, 17, 67
Suppose -10*h = -21 - 659. Suppose -h*n + 69*n - 3 = 0. Suppose -2*p + 3*v + 246 = 0, p - n*p - 4*v = -260. What are the prime factors of p?
2, 3, 7
Suppose 0 = -24*x + 26769 + 1073538 + 195333. What are the prime factors of x?
3, 5, 59, 61
Let w = 17 + -41. Let k be (-22)/(8/(-60) - (-16)/(-60)). Let x = k + w. List the prime factors of x.
31
Suppose 3*l + 22 = 4*l. Suppose 5*w = 3*d - 13, -31*w = 4*d - 36*w - 14. List the prime factors of l/d*(-35)/(-14).
5, 11
Suppose 0 = -5*w + x + 56, 2*x + 4 = w - 9. Let d(j) = -7*j + 127. List the prime factors of d(w).
2, 5
Let g(x) be the first derivative of x**3/3 - x**2 + 3*x + 9. Let t be g(-5). What are the prime factors of 19831/133 + (-4)/t?
149
Suppose 4*r + 3*x = 9, 4*r + 4*x = 2*r + 12. Let o = 2288 - 1641. Suppose -4*z + 5*g + 505 = r, 0 = 9*z - 14*z + g + o. What are the prime factors of z?
2, 5, 13
Suppose -4939 = 5*f - 749. Let r = -66 - f. List the prime factors of r.
2, 193
Suppose -5*q + 790 = 2*u - 1241, -5*u = q - 397. Let r = 4075 + -4071. Suppose -4*z - 87 = r*h - 871, -2*h + q = -z. What are the prime factors of h?
3, 67
Let w be -1 - 1 - 3/((-3)/83). Let t = w - 73. Suppose s = 2*k + 142, -k = 3*s - t*s + 710. What are the prime factors of s?
2, 71
Suppose 33*o + 104 - 335 = 0. Suppose o*r - 8826 = -2568. What are the prime factors of r?
2, 3, 149
List the prime factors of (-67520 + -1 - 5)*(-10)/20.
19, 1777
What are the prime factors of (9 - -7599) + 6*(-5)/(-15)?
2, 5, 761
Let m(c) = -c**3 - 19*c**2 + 50*c - 65. What are the prime factors of m(-22)?
7, 41
Let